{"id":46759,"date":"2021-05-26T10:25:29","date_gmt":"2021-05-26T14:25:29","guid":{"rendered":"https:\/\/www.thenatureofcities.com\/TNOC\/wp-content\/uploads\/2021\/05\/image002.png"},"modified":"2021-05-26T10:27:45","modified_gmt":"2021-05-26T14:27:45","slug":"image002-60","status":"inherit","type":"attachment","link":"https:\/\/www.thenatureofcities.com\/TNOC\/2021\/06\/07\/beyond-equity-what-does-an-anti-racist-urban-ecology-look-like\/image002-60\/","title":{"rendered":"Columbus statue"},"author":1,"featured_media":0,"comment_status":"open","ping_status":"closed","template":"","meta":[],"class_list":["post-46759","attachment","type-attachment","status-inherit","hentry"],"description":{"rendered":"<p class=\"attachment\"><a href='https:\/\/www.thenatureofcities.com\/TNOC\/wp-content\/uploads\/2021\/05\/image002.png'><img loading=\"lazy\" decoding=\"async\" width=\"262\" height=\"321\" src=\"https:\/\/www.thenatureofcities.com\/TNOC\/wp-content\/uploads\/2021\/05\/image002.png\" class=\"attachment-medium size-medium\" alt=\"\" srcset=\"https:\/\/www.thenatureofcities.com\/TNOC\/wp-content\/uploads\/2021\/05\/image002.png 262w, https:\/\/www.thenatureofcities.com\/TNOC\/wp-content\/uploads\/2021\/05\/image002-82x100.png 82w\" sizes=\"auto, (max-width: 262px) 100vw, 262px\" \/><\/a><\/p>\n"},"caption":{"rendered":"<p>Un grupo de ind\u00edgenas Misak, usando cuerdas, derriban una estatua del espa\u00f1ol Sebasti\u00e1n de Belalc\u00e1zar, que estaba ubicada en el Morro de Tulc\u00e1n. Imagen tomada de: Casa Fractal Cali. Abril 2021<\/p>\n"},"alt_text":"","media_type":"image","mime_type":"image\/png","media_details":{"width":262,"height":321,"file":"2021\/05\/image002.png","sizes":{"thumbnail":{"file":"image002-262x240.png","width":262,"height":240,"mime_type":"image\/png","source_url":"https:\/\/www.thenatureofcities.com\/TNOC\/wp-content\/uploads\/2021\/05\/image002-262x240.png"},"admin-thumbs":{"file":"image002-82x100.png","width":82,"height":100,"mime_type":"image\/png","source_url":"https:\/\/www.thenatureofcities.com\/TNOC\/wp-content\/uploads\/2021\/05\/image002-82x100.png"},"post-thumbnail":{"file":"image002-262x270.png","width":262,"height":270,"mime_type":"image\/png","source_url":"https:\/\/www.thenatureofcities.com\/TNOC\/wp-content\/uploads\/2021\/05\/image002-262x270.png"},"full":{"file":"image002.png","width":262,"height":321,"mime_type":"image\/png","source_url":"https:\/\/www.thenatureofcities.com\/TNOC\/wp-content\/uploads\/2021\/05\/image002.png"}},"image_meta":{"aperture":"0","credit":"","camera":"","caption":"","created_timestamp":"0","copyright":"","focal_length":"0","iso":"0","shutter_speed":"0","title":"","orientation":"0","keywords":[]}},"post":46758,"source_url":"https:\/\/www.thenatureofcities.com\/TNOC\/wp-content\/uploads\/2021\/05\/image002.png","_links":{"self":[{"href":"https:\/\/www.thenatureofcities.com\/TNOC\/wp-json\/wp\/v2\/media\/46759","targetHints":{"allow":["GET"]}}],"collection":[{"href":"https:\/\/www.thenatureofcities.com\/TNOC\/wp-json\/wp\/v2\/media"}],"about":[{"href":"https:\/\/www.thenatureofcities.com\/TNOC\/wp-json\/wp\/v2\/types\/attachment"}],"author":[{"embeddable":true,"href":"https:\/\/www.thenatureofcities.com\/TNOC\/wp-json\/wp\/v2\/users\/1"}],"replies":[{"embeddable":true,"href":"https:\/\/www.thenatureofcities.com\/TNOC\/wp-json\/wp\/v2\/comments?post=46759"}],"wp:attached-to":[{"embeddable":true,"post_type":"post","id":46758,"href":"https:\/\/www.thenatureofcities.com\/TNOC\/wp-json\/wp\/v2\/posts\/46758"}],"curies":[{"name":"wp","href":"https:\/\/api.w.org\/{rel}","templated":true}]}}

<p>Un grupo de indígenas Misak, usando cuerdas, derriban una estatua del español Sebastián de Belalcázar, que estaba ubicada en el Morro de Tulcán. Imagen tomada de: Casa Fractal Cali. Abril 2021</p>
